{"id":2239,"date":"2023-09-27T01:41:14","date_gmt":"2023-09-27T01:41:14","guid":{"rendered":"https:\/\/www.grupo2001.mx\/tienda\/?post_type=product&#038;p=2239"},"modified":"2023-09-27T01:41:15","modified_gmt":"2023-09-27T01:41:15","slug":"kaspersky-premium-esd","status":"publish","type":"product","link":"https:\/\/www.grupo2001.mx\/tienda\/producto\/kaspersky-premium-esd\/","title":{"rendered":"Kaspersky Premium ESD"},"content":{"rendered":"<p style=\"font-weight: 100;\"><b><strong>Protecci\u00f3n completa para tus dispositivos, privacidad en l\u00ednea e identidad<\/strong><\/b><\/p>\n<p style=\"font-weight: 100;\">Protege tu vida digital con nuestro plan m\u00e1s avanzado, que incluye el galardonado antivirus,<\/p>\n<ul>\n<li style=\"font-weight: 100;\">protecci\u00f3n de la privacidad y la identidad,<\/li>\n<li style=\"font-weight: 100;\">mejora del rendimiento<\/li>\n<li style=\"font-weight: 100;\">beneficios premium imprescindibles:<\/li>\n<li style=\"font-weight: 100;\">VPN r\u00e1pida e ilimitada<\/li>\n<li style=\"font-weight: 100;\">Administrador de contrase\u00f1as y b\u00f3veda de seguridad<\/li>\n<li style=\"font-weight: 100;\">Protecci\u00f3n de identidad<\/li>\n<li style=\"font-weight: 100;\">Soporte de TI remoto premium<\/li>\n<\/ul>\n<p style=\"font-weight: 100;\">Adem\u00e1s, tienes Kaspersky Safe Kids de forma gratuita para garantizar la seguridad de sus hijos est\u00e9n donde est\u00e9n.<\/p>\n","protected":false},"excerpt":{"rendered":"<p>Protecci\u00f3n completa para tus dispositivos, privacidad en l\u00ednea e identidad Protege tu vida digital con nuestro plan m\u00e1s avanzado, que incluye el galardonado antivirus, protecci\u00f3n de la privacidad y la identidad, mejora del rendimiento beneficios premium imprescindibles: VPN r\u00e1pida e ilimitada Administrador de contrase\u00f1as y b\u00f3veda de seguridad Protecci\u00f3n de identidad Soporte de TI remoto &hellip;<\/p>\n<p class=\"read-more\"> <a class=\" thunk-readmore button \" href=\"https:\/\/www.grupo2001.mx\/tienda\/producto\/kaspersky-premium-esd\/\"> <span class=\"screen-reader-text\">Kaspersky Premium ESD<\/span>Leer m\u00e1s<\/a><\/p>\n","protected":false},"featured_media":2250,"template":"","meta":[],"product_brand":[],"product_cat":[148],"product_tag":[],"class_list":{"0":"post-2239","1":"product","2":"type-product","3":"status-publish","4":"has-post-thumbnail","6":"product_cat-kaspersky","7":"thunk-woo-product-list","8":"opn-qv-enable","9":"top-store-woo-hover-zoom","10":"top-store-single-product-tab-horizontal","11":"top-store-shadow-","12":"top-store-shadow-hover-","14":"first","15":"instock","16":"sale","17":"taxable","18":"shipping-taxable","19":"purchasable","20":"product-type-variable"},"_links":{"self":[{"href":"https:\/\/www.grupo2001.mx\/tienda\/wp-json\/wp\/v2\/product\/2239","targetHints":{"allow":["GET"]}}],"collection":[{"href":"https:\/\/www.grupo2001.mx\/tienda\/wp-json\/wp\/v2\/product"}],"about":[{"href":"https:\/\/www.grupo2001.mx\/tienda\/wp-json\/wp\/v2\/types\/product"}],"wp:featuredmedia":[{"embeddable":true,"href":"https:\/\/www.grupo2001.mx\/tienda\/wp-json\/wp\/v2\/media\/2250"}],"wp:attachment":[{"href":"https:\/\/www.grupo2001.mx\/tienda\/wp-json\/wp\/v2\/media?parent=2239"}],"wp:term":[{"taxonomy":"product_brand","embeddable":true,"href":"https:\/\/www.grupo2001.mx\/tienda\/wp-json\/wp\/v2\/product_brand?post=2239"},{"taxonomy":"product_cat","embeddable":true,"href":"https:\/\/www.grupo2001.mx\/tienda\/wp-json\/wp\/v2\/product_cat?post=2239"},{"taxonomy":"product_tag","embeddable":true,"href":"https:\/\/www.grupo2001.mx\/tienda\/wp-json\/wp\/v2\/product_tag?post=2239"}],"curies":[{"name":"wp","href":"https:\/\/api.w.org\/{rel}","templated":true}]}}